is the units digit of f?
5
Let q(x) = x**3 - 19*x**2 + 5*x + 15. What is the units digit of q(19)?
0
Let l be (0/2 - -2) + -3. Let u = 5 + -14. What is the units digit of (6/u - l)*9?
3
Let k(r) = r**3 + 7*r**2 - r - 10. Let w be k(-7). Let u be (-850)/(-40) - w/4. Let m = u + -13. What is the units digit of m?
9
Let g be (10/(-6))/(4/(-12)). Suppose 4*a - 16 = -4*i + 20, -15 = -2*i - g*a. What is the units digit of i?
0
Let a(f) = 6*f + 51. Let d(t) = -t - 10. Let x(q) = -2*a(q) - 11*d(q). What is the units digit of x(3)?
5
Suppose 5*j - 81 = 179. What is the units digit of j?
2
Let s = 4 - 4. Suppose s = -r + 4*r - 42. What is the tens digit of r?
1
Suppose -28 = -2*y + 12. Suppose y = 3*n - 1. Suppose -n*f = -2*f - 75. What is the tens digit of f?
1
What is the units digit of 2*(1 + 31/2)?
3
Let h(t) = 2*t - 5*t - t**3 + 2*t**3 + 2*t**2 - 1 + 2. What is the units digit of h(-3)?
1
Let s(r) = -18*r - 31. What is the units digit of s(-7)?
5
Let p be 10/6 + (-2)/3. Suppose -3*f + p = 2*q, 5*q = -2*f - 11 - 3. What is the units digit of q/2*(-21)/6?
7
Suppose 2*w + 11 + 7 = 2*k, -k = -3*w - 7. Let s(q) = q - 6. What is the units digit of s(k)?
4
Let a(o) = o**3 - o**2 - o. Let s(l) = -4*l**3 + 6*l**2 + l. Let n(h) = -3*a(h) - s(h). Let i = 24 + -21. What is the units digit of n(i)?
6
Let t = 602 + -420. What is the units digit of t?
2
Suppose -2*h + 8 = -2. Suppose 3 + 22 = h*u. What is the units digit of u?
5
Suppose -3 = -5*t - q + 19, 14 = 2*t + 3*q. Suppose -t*u + 10 = 2*m - 0*m, -5*m + 41 = 2*u. What is the units digit of m?
9
Let k be (4/8)/(1/(-30)). Let f = k - -22. What is the units digit of 2/f + 248/14?
8
Let v(n) = -n - 9. Let d be v(-11). Suppose -5*l + 98 = 2*w, 11 = d*l - 3*w - 32. What is the tens digit of l?
2
Suppose -5*u + q + 13 = -3*q, 3*u + 4*q = 27. Suppose p + s = -3, 4*s + 5 + u = -5*p. Let j(r) = 4*r + 1. What is the units digit of j(p)?
9
Let r = -97 + 215. What is the units digit of r?
8
What is the tens digit of (-3)/4 - 51*(-3)/12?
1
Let l = 3 - -7. Suppose -o = o + y - 15, -o - y = -l. Suppose 65 = o*i - 0*g + 3*g, i + 3*g = 25. What is the units digit of i?
0
Let t(x) = 3*x**2 - 2. Let k(w) = -w**3 - 2*w**2 + 4*w + 1. Let q be k(-3). What is the tens digit of t(q)?
1
Let i(q) = 3*q + 0*q + 2*q - q. What is the units digit of i(1)?
4
Let w(j) = -3*j**3 - 2*j**2 - j - 2. Let q be w(-2). Let c be q*(3/6 - 0). Suppose 5*d = 2*f + 3 + 5, 4*d = c. What is the units digit of f?
1
Let v = 25 + -10. Let g = v + -1. What is the tens digit of g?
1
Suppose 484 = 2*f + 84. What is the units digit of f?
0
Let a(y) = 36*y**3 - 2*y**2 + 3*y - 1. What is the units digit of a(1)?
6
Let f = 7 - 5. Suppose f*o - 7 - 3 = 0. What is the units digit of o/2 + (-6)/12?
2
Suppose -3*i = 5*n - 3 + 6, -2*i - 3*n = 1. Let s be i/2 + (-2)/2. Suppose 5*u = 11 - s. What is the units digit of u?
2
Suppose -4*r = -r - 156. What is the units digit of r?
2
Suppose -7*d + 3*d = -20. Suppose 1 = -2*v + d. Suppose -r = -3*r - 2*f + 4, 0 = r - v*f - 14. What is the units digit of r?
6
Let r be 0/(2/1) - -4. Let f(q) = -q. Let d be f(r). What is the units digit of (-31)/(-4) + (-1)/d?
8
Let a(t) = t**2 + t - 5. What is the units digit of a(-4)?
7
Suppose -3*o - 2*w = 3*w + 107, 6 = 3*w. What is the tens digit of (o/(-6))/((-2)/(-8))?
2
Let m = 12 + -15. What is the units digit of (m/(-6))/(2/40)?
0
Suppose -t = -5*p + 135, 6*p - 115 = p - 3*t. What is the tens digit of p?
2
Suppose 0 = -z - z + 10. Suppose -q + z = 2. Suppose -3*y + 0*t = q*t - 36, -3*t = -y - 4. What is the units digit of y?
8
Let n(l) = l**3 + 12*l**2 - 2*l + 5. Let q(k) = -k**2 - k. Let i(f) = n(f) + 6*q(f). What is the tens digit of i(-7)?
1
Suppose 4*n + 36 = 4*l, 5*n + 55 = 2*l + 7. Let y = n + 22. What is the tens digit of y?
1
What is the units digit of -1 + 2*316/8?
8
What is the units digit of (2/4)/(4/(-16)) + 42?
0
Let f = 64 - -145. What is the hundreds digit of f?
2
Let j(h) = -h**3 - 11*h**2 - 14*h - 12. Suppose -q = 5*y - 10, 6*q = 2*q - 4*y - 24. What is the tens digit of j(q)?
2
Let n(d) be the second derivative of -d**4/12 + 3*d**3/2 - 9*d**2/2 + 4*d. What is the units digit of n(7)?
5
Suppose -d = 2*d - 327. What is the hundreds digit of d?
1
Suppose -2*y - 5 = -3*y. Suppose -3*i - y*r = -4*r - 310, -5*i - 4*r = -505. Suppose -v = -5*m + i, m = -v - 0*v + 27. What is the tens digit of m?
2
Suppose 11 + 2 = -5*m + 3*t, -2*t - 8 = 5*m. Let r(f) = 3*f**2 - 1. What is the units digit of r(m)?
1
Suppose 0 = 3*q - 212 + 23. What is the tens digit of q?
6
Suppose 3*k = -y + 113, -39 = -2*k - 2*y + 31. Let w = -25 + k. What is the units digit of w?
4
Let o(m) = -4*m - 2. Let f be o(-3). Let r = f + -17. Let g = -3 - r. What is the units digit of g?
4
Suppose -8 = -0*b - 4*b. Suppose -4*c + b + 14 = 0. Suppose 4*v - 3*r = v + 33, -2*v + 24 = -c*r. What is the units digit of v?
0
Let i = -37 + 76. What is the tens digit of i?
3
Suppose 3 = 5*z + 28. Let h = 16 + z. What is the tens digit of h?
1
Let m = 1 + 7. Suppose 2*f = 3*f - m. What is the units digit of f?
8
Let o(w) = 4*w**3 - 2*w**2 - w + 1. Let p = 16 + -14. What is the tens digit of o(p)?
2
Suppose 2*o = o - 5*q + 14, -3*o - 3*q = -90. Suppose 2 = -2*f + o. What is the tens digit of f?
1
Let s(a) = 8*a**2. What is the units digit of s(3)?
2
Let d = 15 + -13. Suppose -2*g + 32 = -w, 3*g - w = 52 - d. What is the tens digit of g?
1
Suppose 3*g + 5 = 23. Let t(k) = k**2 - 6*k + 1. Let b be t(g). What is the units digit of (-2 - -1)/((-1)/b)?
1
Let a = -89 - -124. Let q = 1 + 5. Suppose q*d = d + a. What is the units digit of d?
7
Suppose -3*n + 2 + 7 = 0. Suppose 1 = -n*y + 4. What is the units digit of (y - (3 - 1)) + 6?
5
Let l(o) = 10*o**2 + 4*o + 3. Let s be l(-2). What is the tens digit of 710/s + 2/(-7)?
2
Suppose 0 = -2*f + 15 - 7. Let y(g) = g**2 - 2. Let c(u) = 4*u**2 - u - 7. Let j(m) = 2*c(m) - 7*y(m). What is the units digit of j(f)?
8
Let c be (2 + -1)/((-2)/(-14)). Let h(v) = v - 5*v - 5 + 7*v. What is the units digit of h(c)?
6
Let z = 9 - -3. Let u = -13 - -7. Let r = z - u. What is the tens digit of r?
1
Suppose 0 = 5*i - 11 + 1. What is the tens digit of (i - 0)/((-2)/(-10))?
1
Suppose -2*r - 100 = -5*p, -5*r + 16 = -9. Let i be 53/(-5) - 4/10. Let s = i + p. What is the units digit of s?
1
Let c(l) = 6*l - 7. Let v be ((-5)/(-3))/(9/27). What is the units digit of c(v)?
3
Suppose -2*v = -3 - 9. Suppose 5*n = -5*b, -5*n + b + 30 = v. What is the units digit of n?
4
Let t be (3/9)/((-2)/6). What is the units digit of (-10)/(-6) + t/(-3)?
2
Suppose 2*w + 0*w = -5*k - 11, -5*k = -4*w + 53. Suppose -w + 27 = 5*n. Let a(x) = x**2 - 5*x + 5. What is the units digit of a(n)?
1
What is the units digit of ((-2)/4)/((-3)/12)?
2
What is the tens digit of (2 + 56/(-20))*-35?
2
Let t(q) be the first derivative of 35*q**4/4 - q**3/3 + 3*q**2/2 - 2*q - 1. What is the tens digit of t(1)?
3
What is the hundreds digit of (-92)/5*(-1 - 78/12)?
1
Let b = 1 - -2. Suppose -b = y - 2*y. Suppose -5*u - t + 4*t + 23 = 0, -u + y*t = 5. What is the units digit of u?
7
Suppose -5*j + 2 = -3*j. Suppose -25 = c + j. Let t = c + 36. What is the tens digit of t?
1
Suppose -5*d + 101 + 144 = 0. Let j = d - 32. Suppose 3*r - j - 6 = -4*c, 2*c - r = 9. What is the units digit of c?
5
Let y = -49 + 90. Suppose -3*b + 1 + y = 0. What is the tens digit of b?
1
Suppose -3*n + 48 = -4*k, 0*k = -k + 3. Suppose -5*t = -5*v - 62 + 162, -2*t - 2*v = n. What is the units digit of 21/(-2)*10/t?
7
Suppose 0 = 6*h + 13 - 43. What is the units digit of h?
5
Let n be (8/10)/((-5)/50). Let a = n - -14. What is the units digit of a?
6
Suppose 4*a - l - 751 = 0, 938 = 5*a - 0*l - l. What is the units digit of a?
7
Suppose -196 = -y - 2*l, -3*y + 251 = -2*l - 313. What is the hundreds digit of y?
1
Let q(h) = h + 6. Let z be q(0). Let w = z - 4. Suppose 2*y - 5*t + 3 = -2*y, w*t - 18 = -4*y. What is the units digit of y?
3
Let g(l) = l**2 - 3*l - 6. Let m(y) = -y**2 + 4. Let q be m(3). What is the units digit of g(q)?
4
Let l(g) = -3*g + g**2 + 13 - 9 - g. What is the units digit of l(4)?
4
Let f = 15 - 9. Let n = 5 + f. What is the tens digit of n?
1
Suppose 0 = -4*q - 13 + 37. Let o(p) = 3*p - 1. What is the units digit of o(q)?
7
Let s(x) = -5 + x